{"id":10970,"date":"2019-04-11T15:43:38","date_gmt":"2019-04-11T20:43:38","guid":{"rendered":"https:\/\/brahmanjournal.com\/cattle\/?page_id=10970"},"modified":"2019-07-02T12:30:30","modified_gmt":"2019-07-02T17:30:30","slug":"ayuda-acerca-club-revista","status":"publish","type":"page","link":"https:\/\/brahmanjournal.com\/cattle\/ayuda-acerca-club-revista","title":{"rendered":"Ayuda acerca el Club de la Revista"},"content":{"rendered":"<div class=\"wpb-content-wrapper\"><div id=\"td_uid_1_69e8a552a5871\" class=\"tdc-row\"><div class=\"vc_row td_uid_1_69e8a552a587a_rand  wpb_row td-pb-row\" >\n<style scoped>\n\n\/* custom css *\/\n.td_uid_1_69e8a552a587a_rand {\r\n                    min-height: 0;\r\n                }\n<\/style><div class=\"vc_column td_uid_2_69e8a552a5e30_rand  wpb_column vc_column_container tdc-column td-pb-span12\">\n<style scoped>\n\n\/* custom css *\/\n.td_uid_2_69e8a552a5e30_rand {\r\n                    vertical-align: baseline;\r\n                }\n<\/style><div class=\"wpb_wrapper\"><div class=\"wpb_wrapper wpb_text_column td_block_wrap td_block_wrap vc_column_text td_uid_3_69e8a552a5f8e_rand  td-pb-border-top td_block_template_1\"  data-td-block-uid=\"td_uid_3_69e8a552a5f8e\" ><div class=\"td-block-title-wrap\"><\/div><div class=\"td-fix-index\"><p style=\"text-align: left;\">If you want to view these questions in english please click <a href=\"https:\/\/brahmanjournal.com\/cattle\/magazine-club-help\/\">HERE<\/a><\/p>\n<p>If you want to check a tutorial about <a href=\"https:\/\/brahmanjournal.com\/cattle\/how-to-get-a-free-membership\">how to <em><strong>register, login and more<\/strong><\/em> please click here<\/a><\/p>\n<\/div><\/div>[vc_toggle title=&#8221;\u00bfQu\u00e9 es el Club de la revista Brahman Journal?&#8221; use_custom_heading=&#8221;true&#8221;]Nos enorgullecemos de ofrecer las versiones online de la revista Brahman Journal desde 1971 hasta la edici\u00f3n actual para que puedas verlas. El mes actual de la revista puede verse <strong>GRATIS<\/strong> por 15 d\u00edas despu\u00e9s de registrarse el el Club GRATIS! Si deseas ver m\u00e1s revistas, simplemente compra uno de nuestros planes para pertenecer al Club de la Revista TBJ en la p\u00e1gina de tu cuenta despu\u00e9s de que te hayas registrado. Registrarse en el Club de la revista Brahman Journal no tiene costo. Tu podr\u00e1s ver todas las ediciones de la revista en computadoras PC, Mac, en dispositivos m\u00f3viles como Ipad, Iphone o Android. As\u00ed que podr\u00e1s ver las revistas Brahman Journal donde quiera que est\u00e9s![\/vc_toggle][vc_toggle title=&#8221;\u00bfC\u00f3mo me uno al Club de la revista Brahman Journal?&#8221; use_custom_heading=&#8221;true&#8221;]Unirse es gratis. Debes unirte al club para poder comprar una suscripci\u00f3n con el plan que mejor se acomode para ti. Una vez que te registres para unirte al club gratis, ser\u00e1s redirigido a la p\u00e1gina de tu cuenta. Puedes ver la p\u00e1gina de registro <strong><a href=\"https:\/\/brahmanjournal.com\/cattle\/register\/\">AQU\u00cd<\/a><\/strong>. Inicia sesi\u00f3n <strong><a href=\"https:\/\/brahmanjournal.com\/cattle\/login\/\">AQU\u00cd<\/a> <\/strong>para acceder a la p\u00e1gina de tu cuenta. En la parte de abajo de la p\u00e1gina de tu cuenta ver\u00e1s los diferentes niveles de membres\u00edas para el Club. La edici\u00f3n actual de la revista puede ser vista <strong>GRATIS<\/strong> del 1\u00b0 al 15 de cada mes, una vez te hayas registrado! Si te gustar\u00eda ver m\u00e1s revistas simplemente compra uno de los planes del Club de la revista TBJ\u00a0 en la p\u00e1gina de tu cuenta despu\u00e9s de haberte registrado. Registrarse en el Club de la revista Brahman Journal no tiene costo. Tu podr\u00e1s ver todas las ediciones de la revista en computadoras PC, Mac, en dispositivos m\u00f3viles como Ipad, Iphone o Android. As\u00ed que podr\u00e1s ver las revistas Brahman Journal donde quiera que est\u00e9s!\r\n\r\n<img loading=\"lazy\" decoding=\"async\" class=\"aligncenter size-full wp-image-11698\" src=\"https:\/\/brahmanjournal.com\/cattle\/wp-content\/uploads\/TBJ-club-sign-up.jpg\" alt=\"TBJ-club-sign-up\" width=\"1000\" height=\"207\" srcset=\"https:\/\/brahmanjournal.com\/cattle\/wp-content\/uploads\/TBJ-club-sign-up.jpg 1000w, https:\/\/brahmanjournal.com\/cattle\/wp-content\/uploads\/TBJ-club-sign-up-300x62.jpg 300w, https:\/\/brahmanjournal.com\/cattle\/wp-content\/uploads\/TBJ-club-sign-up-768x159.jpg 768w, https:\/\/brahmanjournal.com\/cattle\/wp-content\/uploads\/TBJ-club-sign-up-696x144.jpg 696w, https:\/\/brahmanjournal.com\/cattle\/wp-content\/uploads\/TBJ-club-sign-up-600x124.jpg 600w\" sizes=\"auto, (max-width: 1000px) 100vw, 1000px\" \/>[\/vc_toggle][vc_toggle title=&#8221;\u00bfCu\u00e1nto cuesta unirse al Club de la Revista Brahman Journal?&#8221; use_custom_heading=&#8221;true&#8221;]Unirse al Club es Gratis. Debes registrarte para poder comprar un plan que mejor se acomode a tus necesidades. Una vez que te registres para unirte al Club gratis, ser\u00e1s redirigido a la p\u00e1gina de tu cuenta. Puedes ir a la p\u00e1gina de registro <a href=\"https:\/\/brahmanjournal.com\/cattle\/register\/\"><strong>AQU\u00cd<\/strong><\/a>. Inicia sesi\u00f3n<a href=\"https:\/\/brahmanjournal.com\/cattle\/login\/\"><strong> AQU\u00cd<\/strong><\/a> para acceder a la p\u00e1gina de tu cuenta. En la parte de abajo de la p\u00e1gina de tu cuenta ver\u00e1s los diferentes niveles de membres\u00eda para el Club de la Revista. La \u00faltima edici\u00f3n del mes puede ser vista <strong>GRATIS<\/strong> del 1\u00b0 al 15 de cada mes, despu\u00e9s de haberte registrado al Club GRATIS.\r\n\r\n<img loading=\"lazy\" decoding=\"async\" class=\"alignleft size-full wp-image-10872\" src=\"https:\/\/brahmanjournal.com\/cattle\/wp-content\/uploads\/club.png\" alt=\"\" width=\"475\" height=\"150\" srcset=\"https:\/\/brahmanjournal.com\/cattle\/wp-content\/uploads\/club.png 475w, https:\/\/brahmanjournal.com\/cattle\/wp-content\/uploads\/club-300x95.png 300w\" sizes=\"auto, (max-width: 475px) 100vw, 475px\" \/>\r\n\r\n&nbsp;\r\n\r\n&nbsp;\r\n\r\n&nbsp;\r\n\r\n&nbsp;\r\n\r\n<hr \/>\r\n\r\n<strong>MEMBRES\u00cdA NIVEL PLATA &#8211; $25 USD<\/strong>\r\nEl nivel <strong>Plata<\/strong> del Club de la Revista Brahman Journal es de $25 USD y te da acceso a las revistas del a\u00f1o anterior y a las revistas del a\u00f1o vigente. Ejemplo de las revistas a las que tendr\u00e1s acceso &#8211; Si te suscribes en 2019 tendr\u00e1s accesso a todas las revistas del 2018 as\u00ed como todas las del 2019. <strong>Debido a que este es un nivel de acceso limitado, posiblemente quieras convertirte en un miembro Oro o VIP el cu\u00e1l te dar\u00e1 acceso a m\u00e1s revistas<\/strong>. La membres\u00eda Plata es de renovaci\u00f3n anual.\r\n\r\n<hr \/>\r\n\r\n<strong>MEMBRES\u00cdA NIVEL ORO &#8211; $50 USD<\/strong>\r\nLa <strong>membres\u00eda Oro<\/strong> del Club de la revista Brahman Journal es de $50.00 USD por a\u00f1o y te dar\u00e1 acceso a todas las revistas de los \u00faltimos <strong>10 a\u00f1os y las del a\u00f1o vigente<\/strong>. Ejemplo de las revistas a las que tendr\u00e1s acceso &#8211; Si te suscribes en 2019 tendr\u00e1s acceso a todas las revistas del 2008 al 2018, as\u00ed como todas las revistas del 2019. Debido a que \u00e9sta te limita en el n\u00famero de revistas a las cuales puedes accesar, posiblemente quieras obtener una <strong>membres\u00eda Lifetime (de por vida)<\/strong> para que puedas <strong>ver TODAS las revistas desde 1971 hasta la \u00faltima vigente<\/strong>. La membres\u00eda Oro es de renovaci\u00f3n anual.\r\n\r\n<hr \/>\r\n\r\n<strong>MEMBRES\u00cdA VIP DE POR VIDA &#8211; $300<\/strong>\r\nDisfruta <strong>contenido PREMIUM<\/strong> y disfruta del club con esta membres\u00eda de por vida donde tendr\u00e1s acceso a <strong>TODAS<\/strong> las revistas de la revista desde 1971 hasta la \u00faltima vigente! <strong>No se necesita renovaci\u00f3n puesto que ser\u00e1s un miembro VIP de club de por vida<\/strong>. Tendr\u00e1s acceso a contenido especial adicional como lo vayamos agregando como Revistas Internacionales del Brahman de 1960 &#8211; 1970 y algunas revistas muy especiales de 1940! As\u00ed que \u00fanete con un pago \u00fanico de $300.00 USD y disfruta leyendo la revista Brahman Journal desde 1971 a la \u00faltima vigente donde sea y cuando sea![\/vc_toggle][vc_toggle title=&#8221;\u00bfC\u00f3mo puedo encontrar la P\u00e1gina de mi Cuenta?&#8221; use_custom_heading=&#8221;true&#8221;]Debes estar registrado para acceder a la p\u00e1gina de tu cuenta y a los productos que puedes comprar del Club de la Revista. Puedes acceder a la p\u00e1gina de registro <a href=\"https:\/\/brahmanjournal.com\/cattle\/register\/\"><strong>AQU\u00cd<\/strong><\/a>. Inicia Sesi\u00f3n <a href=\"https:\/\/brahmanjournal.com\/cattle\/login\/\"><strong>AQU\u00cd<\/strong><\/a> para ver tu p\u00e1gina de cuenta. En la parte de abajo de la p\u00e1gina de tu cuenta ver\u00e1s los diferentes niveles de membres\u00eda del Club de la Revista. La edici\u00f3n del mes de la revista puede ser vista <strong>GRATIS<\/strong> del 1\u00b0 al 15 de cada mes, despu\u00e9s de haberte registrado GRATIS! Tu cuenta tendr\u00e1 mucha informaci\u00f3n importante. Informaci\u00f3n como el d\u00eda que te uniste, qu\u00e9 plan de suscripci\u00f3n tienes y cuando expira; una secci\u00f3n de ayuda, un link para cerrar sesi\u00f3n, una secci\u00f3n de perfil donde puedes cambiar tu contrase\u00f1a y mucho m\u00e1s! Debes tener una cuenta para poder ver la p\u00e1gina de tu cuenta y el registro es completamente GRATIS. De igual forma, debes tener una cuenta para poder comprar uno de los planes de membres\u00eda del Club de la Revista. Todos los niveles de los planes de suscripci\u00f3n pueden ser compradas desde la p\u00e1gina de tu cuenta.\r\n\r\n<img loading=\"lazy\" decoding=\"async\" class=\"aligncenter size-full wp-image-11695\" src=\"https:\/\/brahmanjournal.com\/cattle\/wp-content\/uploads\/TBJ-Account-page.jpg\" alt=\"TBJ-Account-page\" width=\"600\" height=\"360\" srcset=\"https:\/\/brahmanjournal.com\/cattle\/wp-content\/uploads\/TBJ-Account-page.jpg 600w, https:\/\/brahmanjournal.com\/cattle\/wp-content\/uploads\/TBJ-Account-page-300x180.jpg 300w\" sizes=\"auto, (max-width: 600px) 100vw, 600px\" \/>[\/vc_toggle][vc_toggle title=&#8221;\u00bfD\u00f3nde encuentro el \u00e1rea para comprar un plan al Club de la Revista?&#8221; use_custom_heading=&#8221;true&#8221;]Debes tener una ceunta para poder comprar uno de los planes del Club de la revista. Todos los niveles de los planes de suscipci\u00f3n pueden ser comprados desde tu p\u00e1gina de cuenta. Debes registrarte para poder acceder a la p\u00e1gina de tu cuenta y a la p\u00e1gina de productos que puedes comprar para el Club de la revista. Puedes acceder a la p\u00e1gina de registro <a href=\"https:\/\/brahmanjournal.com\/cattle\/register\/\"><strong>AQU\u00cd<\/strong><\/a>. Inicia ses\u00f3n <a href=\"https:\/\/brahmanjournal.com\/cattle\/login\/\"><strong>AQU\u00cd<\/strong><\/a> para poder acceder a la p\u00e1gina de tu cuenta. En la parte de abajo de la p\u00e1gina de tu cuenta ver\u00e1s los diferentes niveles de membres\u00eda del Club de la Revista. La edici\u00f3n del mes de la revista puede ser vista <strong>GRATIS<\/strong> del 1\u00b0 al 15 de cada mes, despu\u00e9s de haberte registrado GRATIS! Tu cuenta tendr\u00e1 mucha informaci\u00f3n importante. Informaci\u00f3n como el d\u00eda que te uniste, qu\u00e9 plan de suscripci\u00f3n tienes y cuando expira; una secci\u00f3n de ayuda, un link para cerrar sesi\u00f3n, una secci\u00f3n de perfil donde puedes cambiar tu contrase\u00f1a y mucho m\u00e1s! Debes tener una cuenta para poder ver la p\u00e1gina de tu cuenta y el registro es completamente GRATIS. De igual forma, debes tener una cuenta para poder comprar uno de los planes de membres\u00eda del Club de la Revista. Todos los niveles de los planes de suscripci\u00f3n pueden ser compradas desde la p\u00e1gina de tu cuenta.\r\n\r\n<img loading=\"lazy\" decoding=\"async\" class=\"aligncenter size-full wp-image-11697\" src=\"https:\/\/brahmanjournal.com\/cattle\/wp-content\/uploads\/TBJ-club-levels.jpg\" alt=\"TBJ-club-levels\" width=\"677\" height=\"244\" srcset=\"https:\/\/brahmanjournal.com\/cattle\/wp-content\/uploads\/TBJ-club-levels.jpg 677w, https:\/\/brahmanjournal.com\/cattle\/wp-content\/uploads\/TBJ-club-levels-300x108.jpg 300w, https:\/\/brahmanjournal.com\/cattle\/wp-content\/uploads\/TBJ-club-levels-600x216.jpg 600w\" sizes=\"auto, (max-width: 677px) 100vw, 677px\" \/>[\/vc_toggle][vc_toggle title=&#8221;\u00bfD\u00f3nde encuentro el \u00e1rea de inicio de sesi\u00f3n una vez que soy miembro?&#8221; use_custom_heading=&#8221;true&#8221;]Una vez que te has registrado, puedes iniciar sesi\u00f3n <a href=\"https:\/\/brahmanjournal.com\/cattle\/login\/\"><strong>AQU\u00cd<\/strong><\/a> para poder ver la p\u00e1gina de tu cuenta. Tambi\u00e9n puedes encontrar el link a la p\u00e1gina de inicio se sesi\u00f3n en la parte de arriba de nuestro sitio web. En la parte de arriba tambi\u00e9n podr\u00e1s encontrar el link para cerrar sesi\u00f3n. Siempre aseg\u00farate de cerrar sesi\u00f3n cuando termines.\r\n\r\n<img loading=\"lazy\" decoding=\"async\" class=\"aligncenter size-full wp-image-11713\" src=\"https:\/\/brahmanjournal.com\/cattle\/wp-content\/uploads\/TBJ-login.jpg\" alt=\"TBJ-login\" width=\"600\" height=\"353\" srcset=\"https:\/\/brahmanjournal.com\/cattle\/wp-content\/uploads\/TBJ-login.jpg 600w, https:\/\/brahmanjournal.com\/cattle\/wp-content\/uploads\/TBJ-login-300x177.jpg 300w\" sizes=\"auto, (max-width: 600px) 100vw, 600px\" \/>[\/vc_toggle][vc_toggle title=&#8221;\u00bfD\u00f3nde encuentro el \u00e1rea para cerrar sesi\u00f3n una vez que soy miembro?&#8221; use_custom_heading=&#8221;true&#8221;]Puedes encontrar el link para cerrar sesi\u00f3n en la parte de arriba del sitio web as\u00ed como en la p\u00e1gina de tu cuenta. Una vez que te hayas registrado para tener una cuenta, puedes iniciar sesi\u00f3n <a href=\"https:\/\/brahmanjournal.com\/cattle\/login\/\"><strong>AQU\u00cd<\/strong><\/a> para ver la p\u00e1gina de tu cuenta. Tambi\u00e9n encontrar\u00e1s el link para iniciar sesi\u00f3n en la parte de arriba de este sitio web. Aseg\u00farate de siempre cerrar sesi\u00f3n cuando termines de ver las revistas.\u00a0 Tambi\u00e9n encontrar\u00e1s el link de la p\u00e1gina de tu cuenta en la p\u00e1gina del Club de la revista, en el men\u00fa principal del sitio web o en el men\u00fa de la parte de arriba.[\/vc_toggle][vc_toggle title=&#8221;\u00bfPuedo compartir mi usuario y contrase\u00f1a?&#8221; use_custom_heading=&#8221;true&#8221;]No &#8211; No puedes compartir tu usuario y contrase\u00f1a. Si compartes tu informaci\u00f3n y alguien m\u00e1s usa tu cuenta ser\u00e1 cerrada autom\u00e1ticamente de tus dispositivos. Esta infracci\u00f3n puede resultar en la perdida de tus privilegios. Por favor no compartas tu usuario y contrase\u00f1a con nadie.[\/vc_toggle][vc_toggle title=&#8221;\u00bfNo puedo encontrar mi contrase\u00f1a?&#8221; use_custom_heading=&#8221;true&#8221;]Ve a la p\u00e1gina de inicio de sesi\u00f3n y da clic al link de Obtener Nueva Contrase\u00f1a.\r\n<div class=\"ihc-pass-form-wrap ihc-login-template-11\"><form action=\"\" method=\"post\" ><input name=\"ihcaction\" type=\"hidden\" value=\"reset_pass\"><input type=\"hidden\" name=\"ihc_lost_password_nonce\" value=\"65daf1b247\" \/><div class=\"impu-form-line-fr\"><i class=\"fa-ihc fa-username-ihc\"><\/i><input type=\"text\" value=\"\" name=\"email_or_userlogin\" placeholder=\"Username or E-mail\" \/><\/div><div class=\"impu-form-submit\"><input type=\"submit\" value=\"Get New Password\" name=\"Submit\" class=\"button button-primary button-large\"><\/div><\/form><\/div>[\/vc_toggle]<\/div><\/div><\/div><\/div><div id=\"td_uid_3_69e8a552a85cc\" class=\"tdc-row\"><div class=\"vc_row td_uid_4_69e8a552a85cf_rand  wpb_row td-pb-row\" >\n<style scoped>\n\n\/* custom css *\/\n.td_uid_4_69e8a552a85cf_rand {\r\n                    min-height: 0;\r\n                }\n<\/style><div class=\"vc_column td_uid_5_69e8a552a8730_rand  wpb_column vc_column_container tdc-column td-pb-span12\">\n<style scoped>\n\n\/* custom css *\/\n.td_uid_5_69e8a552a8730_rand {\r\n                    vertical-align: baseline;\r\n                }\n<\/style><div class=\"wpb_wrapper\"><div class=\"wpb_wrapper wpb_text_column td_block_wrap td_block_wrap vc_column_text td_uid_6_69e8a552a8843_rand  td-pb-border-top td_block_template_1\"  data-td-block-uid=\"td_uid_6_69e8a552a8843\" ><div class=\"td-block-title-wrap\"><\/div><div class=\"td-fix-index\"><p>Si necesitas ayuda con tu suscripci\u00f3n de la revista Brahman Journal por favor <a href=\"mailto:info@brahmanjournal.com\">m\u00e1ndanos correo<\/a> y haremos todo en nuestras manos para asistirte o ll\u00e1manos at 979-826-4347<\/p>\n<\/div><\/div><\/div><\/div><\/div><\/div><\/div>","protected":false},"excerpt":{"rendered":"If you want to view these questions in english please click HERE If you want to check a tutorial about how to register, login and more please click here [vc_toggle title=\"\u00bfQu\u00e9 es el Club de la revista Brahman Journal?\" use_custom_heading=\"true\"]Nos enorgullecemos de ofrecer las versiones online de la revista Brahman Journal desde 1971 hasta la [...]","protected":false},"author":2400,"featured_media":0,"parent":0,"menu_order":0,"comment_status":"closed","ping_status":"closed","template":"","meta":{"footnotes":"","_links_to":"","_links_to_target":""},"class_list":["post-10970","page","type-page","status-publish"],"_links":{"self":[{"href":"https:\/\/brahmanjournal.com\/cattle\/wp-json\/wp\/v2\/pages\/10970","targetHints":{"allow":["GET"]}}],"collection":[{"href":"https:\/\/brahmanjournal.com\/cattle\/wp-json\/wp\/v2\/pages"}],"about":[{"href":"https:\/\/brahmanjournal.com\/cattle\/wp-json\/wp\/v2\/types\/page"}],"author":[{"embeddable":true,"href":"https:\/\/brahmanjournal.com\/cattle\/wp-json\/wp\/v2\/users\/2400"}],"replies":[{"embeddable":true,"href":"https:\/\/brahmanjournal.com\/cattle\/wp-json\/wp\/v2\/comments?post=10970"}],"version-history":[{"count":10,"href":"https:\/\/brahmanjournal.com\/cattle\/wp-json\/wp\/v2\/pages\/10970\/revisions"}],"predecessor-version":[{"id":11730,"href":"https:\/\/brahmanjournal.com\/cattle\/wp-json\/wp\/v2\/pages\/10970\/revisions\/11730"}],"wp:attachment":[{"href":"https:\/\/brahmanjournal.com\/cattle\/wp-json\/wp\/v2\/media?parent=10970"}],"curies":[{"name":"wp","href":"https:\/\/api.w.org\/{rel}","templated":true}]}}